2 + 2*v - 2. Let t be (2 - (2 - 3))*(-11 + 16). Suppose -15*d - t = -45. Give w(d).
3
Let u(s) = 26 + 25 + 2*s - 52. Let p = -585 - -579. What is u(p)?
-13
Let w(s) = s**3 - 683 + 232 - 27*s + 234 - 24*s**2 + 263. Calculate w(25).
-4
Suppose 420*n = 12273 - 3873. Let l(i) = 3*i**2 - 59*i - 23. Determine l(n).
-3
Let x(q) = -q**2 - 7*q - 14. Let v be x(-4). Let p(u) = 7*u + 23. Let g(h) = -9*h - 31. Let y(r) = -3*g(r) - 4*p(r). Determine y(v).
3
Let i(b) = 11*b**3 + 1. Suppose -5*r + 189 = 4*r. Suppose 0 = 2*w - u + 5, r = -3*w + 3*u + 9. Determine i(w).
-10
Let y(f) = -f**3 - 5*f**2 - f + 1. Let r be (-1 - 65/5 - 5)*-1. Suppose -5*m - 4*b = 33, 2*m = 7*m - 3*b + r. What is y(m)?
6
Let o(h) = -h + 9*h + 63*h**2 - 59*h**2 - 10*h. Calculate o(-5).
110
Let b be (-165)/33 + (-2)/2 + -126. Let h = -138 - b. Let l(n) = -n**3 - 5*n**2 + 2*n - 4. What is l(h)?
20
Suppose 158*x - 345 = 161*x. Let f be (69/x - 17/5) + 11. Let z(o) = o**3 - 7*o**2 + 3*o - 15. Give z(f).
6
Let w(q) = -45*q + 27. Let g(b) = -17*b + 9. Suppose 355 = -7*i + 299. Let h(u) = i*g(u) + 3*w(u). Give h(-9).
0
Let v be (-2 + 4)*4/(-8). Let l(a) = a**2 - a. Let f(u) = -3*u**2 + u - 2. Let z(n) = v*f(n) - 4*l(n). Let b = -38 + 41. Determine z(b).
2
Let l(p) = -2*p + 2. Let a(r) = -7*r - 41. Let n be a(-13). Let g be 8/12 + n/6. Give l(g).
-16
Let p be (-16)/10*(6 - 1). Let n(m) be the third derivative of -m**5/60 - 3*m**4/8 - 2*m**3/3 - 2*m**2. Calculate n(p).
4
Let m(i) = -i**3 - i**2 + 2. Suppose -19*c + 2913 = -2559. Let v = c + -290. Give m(v).
6
Let t(q) = -5280*q + 31677. Let b be t(6). Let f(m) be the second derivative of m**2 - 1/4*m**4 - 1/2*m**3 + 2*m + 0. Determine f(b).
-16
Let k(n) be the third derivative of n**5/20 + 5*n**4/12 - n**3 - 3448*n**2. Calculate k(-7).
71
Let u(b) = -107*b + 45. Let l be u(1). Let n(q) = -q**2 - 45*q + 1059. Determine n(l).
5
Let z(o) be the third derivative of -3*o**2 + 0*o + 0 + o**3 + 11/24*o**4 + 1/60*o**5. Determine z(-4).
-22
Suppose 2*b - 4*u - 2 = 0, 12*u - 7 = -b + 15*u. Let c(z) = -z**2 - 6*z + 56. Calculate c(b).
1
Let o be 18*(6 - 11)/10. Let h(t) = 4*t + 32. Determine h(o).
-4
Let p(g) = 7*g**2 - g + g**3 + 137 - 281 + 138. Let d = 34 + -41. Let w = -14 - d. Give p(w).
1
Let f(t) be the second derivative of -4/3*t**4 + 8*t + 0*t**3 + 0*t**2 - 1/720*t**6 + 1/60*t**5 + 0. Let b(m) be the third derivative of f(m). Calculate b(-7).
9
Let b(a) = 343*a + 5 + 9*a**2 - 336*a - 16*a**2 + a**3. Give b(2).
-1
Suppose 13*q - 14*q = 4*l - 17, -5*q + 28 = l. Let a(n) = n + 36. Let w(t) = 7. Let x(d) = 2*a(d) - 11*w(d). Determine x(l).
1
Let k(j) = -j**2 + 127*j - 836. Let o be k(7). Let z(c) be the first derivative of -5*c**2 + 7*c + 24 + 1/4*c**o - 3*c**3. Give z(10).
7
Let k(i) = 39*i**2 + 196*i + 4. Let q be k(-5). Let s(b) = -b**3 - b**2 + b + 3. Determine s(q).
2
Let t(s) be the second derivative of 1/6*s**3 + 1 + 69*s + 0*s**2. Determine t(1).
1
Suppose 163 = 3*x + 25. Let p(m) = -m - 46 + x - 2*m. Suppose -i + 2*w = w + 2, 0 = -5*i - 2*w + 11. What is p(i)?
-3
Let b(g) = g**3 + 2*g**2 - 3*g - 4. Let m = 32 + -73. Let s = -38 - m. Suppose 0 = -o - 0*o - s. Give b(o).
-4
Suppose -4*x + s + 114 = 0, -5*s - 54 = -2*x - 6*s. Let j(n) = 28*n - 29*n + 26 - x. Determine j(0).
-2
Let t(c) = 9*c**2 - 6*c + 32 + c**3 - 3*c**2 - 18 - 30 + 23. Let p = -18 + 11. Give t(p).
0
Let f(d) = -14*d**2 + 65*d - 29. Let g(q) = -50*q**2 + 196*q - 86. Let b(p) = -7*f(p) + 2*g(p). Calculate b(-32).
-1
Let g(z) = -9*z**3 - 13*z - 9*z**2 - 8 - 2*z - 5. Let x(u) = 4*u**3 + 4*u**2 + 7*u + 6. Let w = 212 + -215. Let j(t) = w*g(t) - 7*x(t). Give j(-2).
9
Let n be ((-5)/(-2))/((-4)/8). Let y(d) = -16*d - 14. Let s(a) = 7*a + 7. Let q(g) = -7*s(g) - 3*y(g). Determine q(n).
-2
Let s(r) = r - 1. Let m = 323 - 321. Let a(f) = 1. Let n(w) = m*s(w) + 3*a(w). Give n(-2).
-3
Suppose 11*n + 44 = 14*n + 4*o, -5*n = -5*o - 85. Let f be 2/6 - (-75)/(-9). Let l be (12/n)/(2/f). Let q(h) = h**3 + h**2 - 5*h - 4. Calculate q(l).
-7
Let x = 295 + -337. Let w be -7 + 60/x*-7. Let y(q) = 1 - q**2 - q + 0 + 2. Calculate y(w).
-9
Let h(a) be the second derivative of a**5/20 - 5*a**4/6 + 7*a**3/2 + a**2 + 5205*a. Calculate h(7).
2
Suppose -32 = -24*m + 16*m. Suppose -6 + 14 = -m*p. Let x(a) = 2 - 3*a**2 - 2*a**2 + 5*a**2 - a**3 + a. Calculate x(p).
8
Suppose -35*j - 660 = -39*j. Suppose 0 = -166*s + j*s - 14. Let t(n) = n**2 + 15*n + 9. What is t(s)?
-5
Suppose 74*m - 49 = 67*m. Let c(y) = -y**2 + y + 41. What is c(m)?
-1
Let s(c) = c**3 + 7*c**2 - 20. Let w be s(-6). Let x(q) = 6 - w*q + q**2 + 25*q - 14*q. Determine x(4).
2
Let v(o) = -59*o - 27. Let j(h) = 76*h + 36. Let l(n) = -7*j(n) - 9*v(n). Let g = 6 - 6. Give l(g).
-9
Let l(p) = -p**2 - 6*p + 8. Let v(s) = -8*s**2 - 48*s + 63. Let i(a) = 17*l(a) - 2*v(a). Give i(5).
-45
Suppose 0 = -205*s + 207*s - 28. Let v(w) = w**2 - 16*w + 23. What is v(s)?
-5
Let n(b) = b**2 - 16*b + 3. Suppose -4*c - 3*s = -69, -6*s + 42 = 3*c - 7*s. What is n(c)?
-12
Let l(m) be the second derivative of -10*m**4/3 - m**3/6 + m**2/2 - 120*m - 5. Determine l(1).
-40
Let d(u) be the second derivative of -u**6/360 + u**4/2 - 5*u**3/6 - 4*u**2 - 65*u. Let v(w) be the second derivative of d(w). Give v(0).
12
Let m = -127 + 129. Let h be 3*m/(-3) + (-4)/(-4). Let d(n) = -4*n**2 - n + 1. Determine d(h).
-2
Let d(s) = -s**2 - 12*s + 18. Suppose -5*m + 649 = 5*f + 739, -3*m - 2*f = 53. Give d(m).
-67
Let x(v) = v**3 - 8*v**2 + 4*v - 14. Suppose 64 = 8803*i - 8795*i. Calculate x(i).
18
Let v(c) = -5*c. Let m be (-7 + 32)/(10/4). Suppose 0 = m*k - 12*k - 4. Give v(k).
10
Let a(y) = -y**3 + 7*y**2 - 9*y + 21. Let d = -1264 - -1991. Let k = d - 721. Calculate a(k).
3
Let v = 50 + -59. Let z be 6/v*-3 - 84/21. Let q(r) = -r**3 - 3*r**2 + r. Calculate q(z).
-6
Let d(c) = 304*c - 4*c**3 + 2*c**3 - 6 - c**2 + 308*c - 606*c. Let q be d(1). Let w(f) = -4*f - 6. Determine w(q).
6
Let t(p) = -p**3 + 10*p**2 - 9*p + 8. Suppose s + 28 = -13*s. Let i = 7 - s. Determine t(i).
8
Let r = 4610 + -4594. Let w(d) = -d + 23. Calculate w(r).
7
Let n(m) = -2*m**2 + 7*m - 6. Suppose -4*q = q - 25. Suppose -22 + 7 = -q*h. Suppose h*w + 12 = 3*u - 0*w, 0 = -w. Calculate n(u).
-10
Let v(c) = -c**2 + 21*c + 7. Let r(k) = -k**3 + 12*k**2 + 17*k - 187. Let s be r(12). Calculate v(s).
75
Suppose -7*b + 18 + 3 = 0. Let p(l) = 0*l**b + l + 0*l**3 - 2*l - 2*l**3. Let a be 2 + (-17)/7 - (-77)/(-49). Give p(a).
18
Suppose -z - 1225 = -6*z. Let t(b) = -2 - 246*b + 1 + z*b. Let h(c) = -c - 1. Let g(u) = -7*h(u) + 6*t(u). Give g(-8).
-7
Let y(b) be the first derivative of 3*b**5/40 + b**4/24 + 21*b**3 - 5. Let l(w) be the third derivative of y(w). Calculate l(-1).
-8
Let y(p) be the third derivative of -p**6/120 - p**5/60 + p**4/24 + 38*p**3/3 - 80*p**2 - 11*p + 2. Determine y(0).
76
Let o(j) = -11*j**2. Let t be ((-2)/(-24))/(54/(-648)). Determine o(t).
-11
Let j(n) = -4*n + 21. Let o(v) = 57*v - 107*v - 13 + 120 + 32*v. Let y(z) = -11*j(z) + 2*o(z). Calculate y(3).
7
Let c(o) = 1074*o - 64 + 174 - 59 - 65 - 1076*o. Suppose 3*f - 25 = k - 0, 3*f = -5*k - 53. Give c(k).
12
Suppose -f = 3*f - 4. Let k be (-9)/(-3)*1 + f. Let p(v) = -6*v**2 - 36*v + 768. Let l(z) = -z**2 - 7*z + 140. Let y(d) = -11*l(d) + 2*p(d). What is y(k)?
0
Let g = 4153 + -4160. Let a(d) = -d**3 - 7*d**2 - 6*d - 17. Give a(g).
25
Suppose -3*s = -16 + 4, 4*s - 22 = -3*x. Let w be (-13)/13 + 4*x. Suppose 0 = -q - 2*a - 7, 0*q + 3*a = -5*q - w. Let j(m) = -3*m**2 - 1. Give j(q).
-4
Suppose 3*q + 7*q + 1570 = 0. Let r = q - -164. Let p(m) = -m**3 + 6*m**2 + 6*m + 6. What is p(r)?
-1
Suppose 94*o - 16 = 90*o. Let p(s) = 5 - 4 + 1 + 4*s + o - 4. What is p(4)?
18
Let l be (-2)/2*(9 - (-18 - -30)). Let g(f) be the second derivative of f**5/20 - 5*f**3/6 - f**2 + 5*f. Determine g(l).
10
Let y be ((-9)/3)/((-9)/24). Let q(n) = -10*n**3 + 93*n**2 - 68*n + 52. Let m(t) = -3*t**3 + 28*t**2 - 22*t + 17. Let l(g) = 7*m(g) - 2*q(g). Calculate l(y).
-1
Let i(a) = 24*a + 37. Let x(n) be the third derivative of -5*n**4/12 - 3*n**3 + 78*n**2 + 2*n. Let g(b) = 3*i(b) + 7*x(b). Determine g(7).
-1
Let c(l) be the second derivative of -5*l**3/3 - 133*l**2 + 6409*l. Calculate c(-28).
14
Let q(a) = 2*a - 37. Let o(c) = 3*c**3 - 24*c**2 + 43*c + 21. Let z be 